{"id":65,"date":"2022-05-23T20:11:44","date_gmt":"2022-05-23T20:11:44","guid":{"rendered":"http:\/\/coarnos.com\/?page_id=65"},"modified":"2026-02-26T13:46:50","modified_gmt":"2026-02-26T18:46:50","slug":"comision-designadora","status":"publish","type":"page","link":"https:\/\/coarnos.com\/index.php\/comision-designadora\/","title":{"rendered":"Comisi\u00f3n Designadora"},"content":{"rendered":"\n<div class=\"wp-block-media-text is-stacked-on-mobile\"><figure class=\"wp-block-media-text__media\"><img loading=\"lazy\" decoding=\"async\" width=\"1024\" height=\"782\" src=\"https:\/\/coarnos.com\/wp-content\/uploads\/2026\/02\/WilsonOrtiz-1024x782.png\" alt=\"\" class=\"wp-image-847 size-full\" srcset=\"https:\/\/coarnos.com\/wp-content\/uploads\/2026\/02\/WilsonOrtiz-1024x782.png 1024w, https:\/\/coarnos.com\/wp-content\/uploads\/2026\/02\/WilsonOrtiz-300x229.png 300w, https:\/\/coarnos.com\/wp-content\/uploads\/2026\/02\/WilsonOrtiz-768x587.png 768w, https:\/\/coarnos.com\/wp-content\/uploads\/2026\/02\/WilsonOrtiz-100x76.png 100w, https:\/\/coarnos.com\/wp-content\/uploads\/2026\/02\/WilsonOrtiz-1536x1174.png 1536w, https:\/\/coarnos.com\/wp-content\/uploads\/2026\/02\/WilsonOrtiz-2048x1565.png 2048w\" sizes=\"auto, (max-width: 1024px) 100vw, 1024px\" \/><\/figure><div class=\"wp-block-media-text__content\">\n<p>Wilson Ort\u00edz Noboa (COORDINADOR)<\/p>\n\n\n\n<p>Arbitro Asistente Primera Divisi\u00f3n<\/p>\n\n\n\n<p>Tecn\u00f3logo en Gesti\u00f3n Empresarial. Estudiante de Licenciatura en Educaci\u00f3n F\u00edsica, Recreaci\u00f3n y Deportes.<br>T\u00e9cnico en Ejecuci\u00f3n de Programas deportivos.<\/p>\n<\/div><\/div>\n\n\n\n<div style=\"height:100px\" aria-hidden=\"true\" class=\"wp-block-spacer\"><\/div>\n\n\n\n<div class=\"wp-block-media-text is-stacked-on-mobile\"><figure class=\"wp-block-media-text__media\"><img loading=\"lazy\" decoding=\"async\" width=\"903\" height=\"657\" src=\"https:\/\/coarnos.com\/wp-content\/uploads\/2026\/02\/jefersonBarrientos.png\" alt=\"\" class=\"wp-image-849 size-full\" srcset=\"https:\/\/coarnos.com\/wp-content\/uploads\/2026\/02\/jefersonBarrientos.png 903w, https:\/\/coarnos.com\/wp-content\/uploads\/2026\/02\/jefersonBarrientos-300x218.png 300w, https:\/\/coarnos.com\/wp-content\/uploads\/2026\/02\/jefersonBarrientos-768x559.png 768w, https:\/\/coarnos.com\/wp-content\/uploads\/2026\/02\/jefersonBarrientos-100x73.png 100w\" sizes=\"auto, (max-width: 903px) 100vw, 903px\" \/><\/figure><div class=\"wp-block-media-text__content\">\n<p>Jeferson Barrientos (COMET)<\/p>\n\n\n\n<p>Arbitro Primera C<\/p>\n\n\n\n<p>Licenciado en Educaci\u00f3n F\u00edsica, Recreaci\u00f3n y Deportes.<br>T\u00e9cnico en Ejecuci\u00f3n de Programas Deportivos<\/p>\n<\/div><\/div>\n","protected":false},"excerpt":{"rendered":"<p>Wilson Ort\u00edz Noboa (COORDINADOR) Arbitro Asistente Primera Divisi\u00f3n Tecn\u00f3logo en Gesti\u00f3n Empresarial. Estudiante de Licenciatura en Educaci\u00f3n F\u00edsica, Recreaci\u00f3n y&hellip;<\/p>\n","protected":false},"author":1,"featured_media":0,"parent":0,"menu_order":0,"comment_status":"closed","ping_status":"closed","template":"","meta":{"om_disable_all_campaigns":false,"_mi_skip_tracking":false,"footnotes":"","_expiration-date-status":"","_expiration-date":0,"_expiration-date-type":"","_expiration-date-categories":[],"_expiration-date-options":[]},"class_list":["post-65","page","type-page","status-publish","hentry"],"aioseo_notices":[],"_links":{"self":[{"href":"https:\/\/coarnos.com\/index.php\/wp-json\/wp\/v2\/pages\/65","targetHints":{"allow":["GET"]}}],"collection":[{"href":"https:\/\/coarnos.com\/index.php\/wp-json\/wp\/v2\/pages"}],"about":[{"href":"https:\/\/coarnos.com\/index.php\/wp-json\/wp\/v2\/types\/page"}],"author":[{"embeddable":true,"href":"https:\/\/coarnos.com\/index.php\/wp-json\/wp\/v2\/users\/1"}],"replies":[{"embeddable":true,"href":"https:\/\/coarnos.com\/index.php\/wp-json\/wp\/v2\/comments?post=65"}],"version-history":[{"count":11,"href":"https:\/\/coarnos.com\/index.php\/wp-json\/wp\/v2\/pages\/65\/revisions"}],"predecessor-version":[{"id":850,"href":"https:\/\/coarnos.com\/index.php\/wp-json\/wp\/v2\/pages\/65\/revisions\/850"}],"wp:attachment":[{"href":"https:\/\/coarnos.com\/index.php\/wp-json\/wp\/v2\/media?parent=65"}],"curies":[{"name":"wp","href":"https:\/\/api.w.org\/{rel}","templated":true}]}}